{"id":5825,"date":"2026-03-07T18:04:18","date_gmt":"2026-03-07T17:04:18","guid":{"rendered":"https:\/\/www.immobiliarelessona.it\/?page_id=5825"},"modified":"2026-03-07T18:18:07","modified_gmt":"2026-03-07T17:18:07","slug":"case-in-vendita-cascina-merlata-milano","status":"publish","type":"page","link":"https:\/\/www.immobiliarelessona.it\/zh\/case-in-vendita-cascina-merlata-milano\/","title":{"rendered":"Case in vendita Cascina Merlata Milano"},"content":{"rendered":"<div class=\"wpb-content-wrapper\"><p>[vc_row css=&#8221;.vc_custom_1573026000502{padding-top: 10px !important;padding-bottom: 10px !important;background-color: #f4f4f4 !important;}&#8221;][vc_column width=&#8221;1\/1&#8243;][vc_column_text css_animation=&#8221;bottom-to-top&#8221;]<\/p>\n<h2 style=\"text-align: center;\">Vuoi\u00a0guadagnare anche tu dal tuo immobile?<br \/>\nRichiedi informazioni<\/h2>\n<p>[\/vc_column_text][\/vc_column][\/vc_row][vc_row][vc_column width=&#8221;1\/2&#8243;][vc_column_text]<\/p>\n<h4>Il <strong>mercato delle compravendite<\/strong> di abitazioni ha raggiunto &#8211; nel 2018 &#8211; un risultato di <strong>+6.6%, <\/strong>consolidando un trend positivo che non sembra fermarsi dal 2015. Per questo, se hai un immobile nel quale non risiedi perch\u00e9 hai cambiato citt\u00e0 o ti sei spostato all\u2019estero, \u00e8 il momento di affidarlo a chi possa aiutarti a guadagnare dall\u2019appartamento.<\/h4>\n<p>[\/vc_column_text][vc_column_text css_animation=&#8221;bottom-to-top&#8221;]<\/p>\n<h4>Tra le principali problematiche che incontra chi vuole vendere un appartamento a Milano (zona Portello Milano, Quarto Oggiaro, Mac Mahon \u00a0ed EuroMilano) &#8211; oltre alla mancanza di tempo da dedicare all\u2019attivit\u00e0 stessa &#8211; c\u2019\u00e8 la necessit\u00e0 di presentare la certificazione energetica, divenuta di recente obbligatoria.<\/h4>\n<p>[\/vc_column_text][vc_single_image css_animation=&#8221;bottom-to-top&#8221; alignment=&#8221;center&#8221; border_color=&#8221;grey&#8221; img_link_target=&#8221;_self&#8221; img_size=&#8221;full&#8221; image=&#8221;3611&#8243;][\/vc_column][vc_column width=&#8221;1\/2&#8243;][vc_column_text]\n<div class=\"wpcf7 no-js\" id=\"wpcf7-f3650-o2\" lang=\"en-US\" dir=\"ltr\" data-wpcf7-id=\"3650\">\n<div class=\"screen-reader-response\"><p role=\"status\" aria-live=\"polite\" aria-atomic=\"true\"><\/p> <ul><\/ul><\/div>\n<form action=\"\/zh\/wp-json\/wp\/v2\/pages\/5825#wpcf7-f3650-o2\" method=\"post\" class=\"wpcf7-form init\" aria-label=\"Contact form\" novalidate=\"novalidate\" data-status=\"init\">\n<fieldset class=\"hidden-fields-container\"><input type=\"hidden\" name=\"_wpcf7\" value=\"3650\" \/><input type=\"hidden\" name=\"_wpcf7_version\" value=\"6.1.5\" \/><input type=\"hidden\" name=\"_wpcf7_locale\" value=\"en_US\" \/><input type=\"hidden\" name=\"_wpcf7_unit_tag\" value=\"wpcf7-f3650-o2\" \/><input type=\"hidden\" name=\"_wpcf7_container_post\" value=\"0\" \/><input type=\"hidden\" name=\"_wpcf7_posted_data_hash\" value=\"\" \/>\n<\/fieldset>\n<p>Nome e Cognome *\n<\/p>\n<p><span class=\"wpcf7-form-control-wrap\" data-name=\"your-name\"><input size=\"40\" maxlength=\"400\" class=\"wpcf7-form-control wpcf7-text wpcf7-validates-as-required\" aria-required=\"true\" aria-invalid=\"false\" value=\"\" type=\"text\" name=\"your-name\" \/><\/span>\n<\/p>\n<p>Email *\n<\/p>\n<p><span class=\"wpcf7-form-control-wrap\" data-name=\"your-email\"><input size=\"40\" maxlength=\"400\" class=\"wpcf7-form-control wpcf7-email wpcf7-validates-as-required wpcf7-text wpcf7-validates-as-email\" aria-required=\"true\" aria-invalid=\"false\" value=\"\" type=\"email\" name=\"your-email\" \/><\/span>\n<\/p>\n<p>Telefono *\n<\/p>\n<p><span class=\"wpcf7-form-control-wrap\" data-name=\"text-184\"><input size=\"40\" maxlength=\"400\" class=\"wpcf7-form-control wpcf7-text wpcf7-validates-as-required\" aria-required=\"true\" aria-invalid=\"false\" value=\"\" type=\"text\" name=\"text-184\" \/><\/span>\n<\/p>\n<p>Come ci hai conosciuto? *\n<\/p>\n<p><span class=\"wpcf7-form-control-wrap\" data-name=\"menu-248\"><select class=\"wpcf7-form-control wpcf7-select wpcf7-validates-as-required\" aria-required=\"true\" aria-invalid=\"false\" name=\"menu-248\"><option value=\"\">&#8212;Please choose an option&#8212;<\/option><option value=\"Piattaforma Immobiliare\">Piattaforma Immobiliare<\/option><option value=\"Google\">Google<\/option><option value=\"Pubblicit\u00e0\">Pubblicit\u00e0<\/option><option value=\"Passaparola\">Passaparola<\/option><option value=\"Canali Social\">Canali Social<\/option><\/select><\/span>\n<\/p>\n<p>Quale \u00e8 la tua esigenza? *\n<\/p>\n<p><span class=\"wpcf7-form-control-wrap\" data-name=\"menu-801\"><select class=\"wpcf7-form-control wpcf7-select wpcf7-validates-as-required\" aria-required=\"true\" aria-invalid=\"false\" name=\"menu-801\"><option value=\"\">&#8212;Please choose an option&#8212;<\/option><option value=\"Vendita\">Vendita<\/option><option value=\"Locazione\">Locazione<\/option><\/select><\/span>\n<\/p>\n<p>Messaggio*\n<\/p>\n<p><span class=\"wpcf7-form-control-wrap\" data-name=\"textarea-840\"><textarea cols=\"40\" rows=\"10\" maxlength=\"2000\" class=\"wpcf7-form-control wpcf7-textarea wpcf7-validates-as-required\" aria-required=\"true\" aria-invalid=\"false\" name=\"textarea-840\"><\/textarea><\/span>\n<\/p>\n<p><span class=\"wpcf7-form-control-wrap\" data-name=\"acceptance-861\"><span class=\"wpcf7-form-control wpcf7-acceptance\"><span class=\"wpcf7-list-item\"><label><input type=\"checkbox\" name=\"acceptance-861\" value=\"1\" aria-invalid=\"false\" \/><span class=\"wpcf7-list-item-label\">Accetto la privacy policy<\/span><\/label><\/span><\/span><\/span>\n<\/p>\n<p><input class=\"wpcf7-form-control wpcf7-submit has-spinner\" type=\"submit\" value=\"Invia\" \/>\n<\/p>\n<p><small>TRATTAMENTO DEI DATI PERSONALI* Se ci contatti o compili il form in questa pagina ti informiamo che i dati personali che ci hai volontariamente fornito verranno utilizzati esclusivamente per rispondere alla richiesta posta ed eventualmente la mail generata potr\u00e0 essere conservata all\u2019interno del sistema di ricezione di email utilizzato dal titolare del sito. Questi dati non verranno registrati su altri supporti o dispositivi, n\u00e9 verranno registrati altri dati derivanti dalla tua navigazione sul sito e non saranno utilizzati per nessuna altra finalit\u00e0 (INFORMATIVA ART.13 REGOLAMENTO 679\/2016)<\/small>\n<\/p><div class=\"wpcf7-response-output\" aria-hidden=\"true\"><\/div>\n<\/form>\n<\/div>\n[\/vc_column_text][\/vc_column][\/vc_row][vc_row][vc_column width=&#8221;1\/1&#8243;][\/vc_column][\/vc_row][vc_row css=&#8221;.vc_custom_1573026006469{padding-top: 10px !important;padding-bottom: 10px !important;background-color: #f4f4f4 !important;}&#8221;][vc_column width=&#8221;1\/1&#8243;][vc_column_text css_animation=&#8221;bottom-to-top&#8221;]<\/p>\n<h2 style=\"text-align: center;\">Se questa identikit ti corrisponde, \u00e8 il momento di dire stop alle scuse!<\/h2>\n<p>[\/vc_column_text][vc_column_text css_animation=&#8221;bottom-to-top&#8221;]<\/p>\n<p><center><a class=\"vc_btn vc_btn_sky vc_btn-green vc_btn_lg vc_btn-lg vc_btn_3d vc_button2\" title=\"CONTATTACI\" href=\"tel:0233202090\">CHIAMA ORA<\/a><\/center>[\/vc_column_text][vc_column_text css_animation=&#8221;bottom-to-top&#8221;]<\/p>\n<h2 style=\"text-align: center;\">Immobiliare Lessona \u00e8 il partner immobiliare che fa per te!<\/h2>\n<p>[\/vc_column_text][\/vc_column][\/vc_row][vc_row][vc_column width=&#8221;1\/2&#8243;][vc_column_text]<\/p>\n<h4>Noi di Immobiliare Lessona operiamo da anni in questo settore (pi\u00f9 di 25 anni di esperienza) e, conoscendone approfonditamente le dinamiche veniamo incontro ad ogni tua necessit\u00e0: per questo, nel momento in cui ti rivolgerai alla nostra professionalit\u00e0 per vendere o affittare la tua casa a Milano zona Quarto Oggiaro o ad Euro Milano etc, ti <strong>regaliamo la certificazione energetica.<\/strong><\/h4>\n<p>[\/vc_column_text][vc_column_text css_animation=&#8221;bottom-to-top&#8221;]<\/p>\n<h4>Siamo sempre al passo con le ultime norme legislative e, in virt\u00f9 del nostro costante aggiornamento, possiamo offrirti una consulenza personalizzata identificando, insieme a te, quale sia la soluzione ideale per il tuo immobile!<\/h4>\n<p>[\/vc_column_text][\/vc_column][vc_column width=&#8221;1\/2&#8243;][vc_single_image css_animation=&#8221;bottom-to-top&#8221; alignment=&#8221;center&#8221; border_color=&#8221;grey&#8221; img_link_target=&#8221;_self&#8221; img_size=&#8221;full&#8221; image=&#8221;3612&#8243;][\/vc_column][\/vc_row]<\/p>\n<\/div>","protected":false},"excerpt":{"rendered":"<p>[vc_row css=&#8221;.vc_custom_1573026000502{padding-top: 10px !i &#8230;<\/p>\n","protected":false},"author":1,"featured_media":0,"parent":0,"menu_order":0,"comment_status":"closed","ping_status":"closed","template":"","meta":{"footnotes":""},"class_list":["post-5825","page","type-page","status-publish","hentry"],"aioseo_notices":[],"_links":{"self":[{"href":"https:\/\/www.immobiliarelessona.it\/zh\/wp-json\/wp\/v2\/pages\/5825","targetHints":{"allow":["GET"]}}],"collection":[{"href":"https:\/\/www.immobiliarelessona.it\/zh\/wp-json\/wp\/v2\/pages"}],"about":[{"href":"https:\/\/www.immobiliarelessona.it\/zh\/wp-json\/wp\/v2\/types\/page"}],"author":[{"embeddable":true,"href":"https:\/\/www.immobiliarelessona.it\/zh\/wp-json\/wp\/v2\/users\/1"}],"replies":[{"embeddable":true,"href":"https:\/\/www.immobiliarelessona.it\/zh\/wp-json\/wp\/v2\/comments?post=5825"}],"version-history":[{"count":50,"href":"https:\/\/www.immobiliarelessona.it\/zh\/wp-json\/wp\/v2\/pages\/5825\/revisions"}],"predecessor-version":[{"id":5883,"href":"https:\/\/www.immobiliarelessona.it\/zh\/wp-json\/wp\/v2\/pages\/5825\/revisions\/5883"}],"wp:attachment":[{"href":"https:\/\/www.immobiliarelessona.it\/zh\/wp-json\/wp\/v2\/media?parent=5825"}],"curies":[{"name":"wp","href":"https:\/\/api.w.org\/{rel}","templated":true}]}}

<div class="wpb-content-wrapper"><p>[vc_row css=&#8221;.vc_custom_1573026000502{padding-top: 10px !important;padding-bottom: 10px !important;background-color: #f4f4f4 !important;}&#8221;][vc_column width=&#8221;1/1&#8243;][vc_column_text css_animation=&#8221;bottom-to-top&#8221;]</p>
<h2 style="text-align: center;">Vuoi guadagnare anche tu dal tuo immobile?<br />
Richiedi informazioni</h2>
<p>[/vc_column_text][/vc_column][/vc_row][vc_row][vc_column width=&#8221;1/2&#8243;][vc_column_text]</p>
<h4>Il <strong>mercato delle compravendite</strong> di abitazioni ha raggiunto &#8211; nel 2018 &#8211; un risultato di <strong>+6.6%, </strong>consolidando un trend positivo che non sembra fermarsi dal 2015. Per questo, se hai un immobile nel quale non risiedi perché hai cambiato città o ti sei spostato all’estero, è il momento di affidarlo a chi possa aiutarti a guadagnare dall’appartamento.</h4>
<p>[/vc_column_text][vc_column_text css_animation=&#8221;bottom-to-top&#8221;]</p>
<h4>Tra le principali problematiche che incontra chi vuole vendere un appartamento a Milano (zona Portello Milano, Quarto Oggiaro, Mac Mahon  ed EuroMilano) &#8211; oltre alla mancanza di tempo da dedicare all’attività stessa &#8211; c’è la necessità di presentare la certificazione energetica, divenuta di recente obbligatoria.</h4>
<p>[/vc_column_text][vc_single_image css_animation=&#8221;bottom-to-top&#8221; alignment=&#8221;center&#8221; border_color=&#8221;grey&#8221; img_link_target=&#8221;_self&#8221; img_size=&#8221;full&#8221; image=&#8221;3611&#8243;][/vc_column][vc_column width=&#8221;1/2&#8243;][vc_column_text]
<div class="wpcf7 no-js" id="wpcf7-f3650-o2" lang="en-US" dir="ltr" data-wpcf7-id="3650">
<div class="screen-reader-response"><p role="status" aria-live="polite" aria-atomic="true"></p> <ul></ul></div>
<form action="/zh/wp-json/wp/v2/pages/5825#wpcf7-f3650-o2" method="post" class="wpcf7-form init" aria-label="Contact form" novalidate="novalidate" data-status="init">
<fieldset class="hidden-fields-container"><input type="hidden" name="_wpcf7" value="3650" /><input type="hidden" name="_wpcf7_version" value="6.1.5" /><input type="hidden" name="_wpcf7_locale" value="en_US" /><input type="hidden" name="_wpcf7_unit_tag" value="wpcf7-f3650-o2" /><input type="hidden" name="_wpcf7_container_post" value="0" /><input type="hidden" name="_wpcf7_posted_data_hash" value="" />
</fieldset>
<p>Nome e Cognome *
</p>
<p><span class="wpcf7-form-control-wrap" data-name="your-name"><input size="40" maxlength="400" class="wpcf7-form-control wpcf7-text wpcf7-validates-as-required" aria-required="true" aria-invalid="false" value="" type="text" name="your-name" /></span>
</p>
<p>Email *
</p>
<p><span class="wpcf7-form-control-wrap" data-name="your-email"><input size="40" maxlength="400" class="wpcf7-form-control wpcf7-email wpcf7-validates-as-required wpcf7-text wpcf7-validates-as-email" aria-required="true" aria-invalid="false" value="" type="email" name="your-email" /></span>
</p>
<p>Telefono *
</p>
<p><span class="wpcf7-form-control-wrap" data-name="text-184"><input size="40" maxlength="400" class="wpcf7-form-control wpcf7-text wpcf7-validates-as-required" aria-required="true" aria-invalid="false" value="" type="text" name="text-184" /></span>
</p>
<p>Come ci hai conosciuto? *
</p>
<p><span class="wpcf7-form-control-wrap" data-name="menu-248"><select class="wpcf7-form-control wpcf7-select wpcf7-validates-as-required" aria-required="true" aria-invalid="false" name="menu-248"><option value="">&#8212;Please choose an option&#8212;</option><option value="Piattaforma Immobiliare">Piattaforma Immobiliare</option><option value="Google">Google</option><option value="Pubblicità">Pubblicità</option><option value="Passaparola">Passaparola</option><option value="Canali Social">Canali Social</option></select></span>
</p>
<p>Quale è la tua esigenza? *
</p>
<p><span class="wpcf7-form-control-wrap" data-name="menu-801"><select class="wpcf7-form-control wpcf7-select wpcf7-validates-as-required" aria-required="true" aria-invalid="false" name="menu-801"><option value="">&#8212;Please choose an option&#8212;</option><option value="Vendita">Vendita</option><option value="Locazione">Locazione</option></select></span>
</p>
<p>Messaggio*
</p>
<p><span class="wpcf7-form-control-wrap" data-name="textarea-840"><textarea cols="40" rows="10" maxlength="2000" class="wpcf7-form-control wpcf7-textarea wpcf7-validates-as-required" aria-required="true" aria-invalid="false" name="textarea-840"></textarea></span>
</p>
<p><span class="wpcf7-form-control-wrap" data-name="acceptance-861"><span class="wpcf7-form-control wpcf7-acceptance"><span class="wpcf7-list-item"><label><input type="checkbox" name="acceptance-861" value="1" aria-invalid="false" /><span class="wpcf7-list-item-label">Accetto la privacy policy</span></label></span></span></span>
</p>
<p><input class="wpcf7-form-control wpcf7-submit has-spinner" type="submit" value="Invia" />
</p>
<p><small>TRATTAMENTO DEI DATI PERSONALI* Se ci contatti o compili il form in questa pagina ti informiamo che i dati personali che ci hai volontariamente fornito verranno utilizzati esclusivamente per rispondere alla richiesta posta ed eventualmente la mail generata potrà essere conservata all’interno del sistema di ricezione di email utilizzato dal titolare del sito. Questi dati non verranno registrati su altri supporti o dispositivi, né verranno registrati altri dati derivanti dalla tua navigazione sul sito e non saranno utilizzati per nessuna altra finalità (INFORMATIVA ART.13 REGOLAMENTO 679/2016)</small>
</p><div class="wpcf7-response-output" aria-hidden="true"></div>
</form>
</div>
[/vc_column_text][/vc_column][/vc_row][vc_row][vc_column width=&#8221;1/1&#8243;][/vc_column][/vc_row][vc_row css=&#8221;.vc_custom_1573026006469{padding-top: 10px !important;padding-bottom: 10px !important;background-color: #f4f4f4 !important;}&#8221;][vc_column width=&#8221;1/1&#8243;][vc_column_text css_animation=&#8221;bottom-to-top&#8221;]</p>
<h2 style="text-align: center;">Se questa identikit ti corrisponde, è il momento di dire stop alle scuse!</h2>
<p>[/vc_column_text][vc_column_text css_animation=&#8221;bottom-to-top&#8221;]</p>
<p><center><a class="vc_btn vc_btn_sky vc_btn-green vc_btn_lg vc_btn-lg vc_btn_3d vc_button2" title="CONTATTACI" href="tel:0233202090">CHIAMA ORA</a></center>[/vc_column_text][vc_column_text css_animation=&#8221;bottom-to-top&#8221;]</p>
<h2 style="text-align: center;">Immobiliare Lessona è il partner immobiliare che fa per te!</h2>
<p>[/vc_column_text][/vc_column][/vc_row][vc_row][vc_column width=&#8221;1/2&#8243;][vc_column_text]</p>
<h4>Noi di Immobiliare Lessona operiamo da anni in questo settore (più di 25 anni di esperienza) e, conoscendone approfonditamente le dinamiche veniamo incontro ad ogni tua necessità: per questo, nel momento in cui ti rivolgerai alla nostra professionalità per vendere o affittare la tua casa a Milano zona Quarto Oggiaro o ad Euro Milano etc, ti <strong>regaliamo la certificazione energetica.</strong></h4>
<p>[/vc_column_text][vc_column_text css_animation=&#8221;bottom-to-top&#8221;]</p>
<h4>Siamo sempre al passo con le ultime norme legislative e, in virtù del nostro costante aggiornamento, possiamo offrirti una consulenza personalizzata identificando, insieme a te, quale sia la soluzione ideale per il tuo immobile!</h4>
<p>[/vc_column_text][/vc_column][vc_column width=&#8221;1/2&#8243;][vc_single_image css_animation=&#8221;bottom-to-top&#8221; alignment=&#8221;center&#8221; border_color=&#8221;grey&#8221; img_link_target=&#8221;_self&#8221; img_size=&#8221;full&#8221; image=&#8221;3612&#8243;][/vc_column][/vc_row]</p>
</div>
